visor of 252217354 and 212.
106
Calculate the highest common factor of 1388785 and 135.
5
What is the highest common divisor of 5511720 and 3680?
920
What is the greatest common divisor of 5475 and 5102043?
219
What is the greatest common factor of 29622131 and 9317?
847
Calculate the highest common divisor of 16933 and 4190290979.
16933
What is the highest common divisor of 4443 and 53637377?
1481
Calculate the highest common factor of 5171067 and 3795.
759
What is the greatest common divisor of 11070012 and 3504?
876
What is the greatest common factor of 21432 and 508858?
38
Calculate the greatest common factor of 54432 and 13320531.
1701
Calculate the greatest common divisor of 1766 and 211510.
2
Calculate the highest common divisor of 176032042 and 68.
34
Calculate the greatest common divisor of 23394588 and 10304.
644
What is the highest common divisor of 28763 and 201866952?
4109
Calculate the highest common divisor of 1581 and 680641053.
1581
Calculate the highest common divisor of 710 and 17072570.
10
Calculate the highest common factor of 846416 and 1328.
16
Calculate the greatest common factor of 18224 and 608.
16
What is the highest common divisor of 290 and 844598030?
290
What is the highest common factor of 828 and 5141489?
23
Calculate the greatest common divisor of 120362295 and 20757.
1887
Calculate the greatest common factor of 24563195 and 12790.
6395
Calculate the highest common divisor of 1740470695 and 5.
5
Calculate the greatest common factor of 92315984 and 16796.
1292
Calculate the greatest common factor of 400 and 4574100.
100
Calculate the highest common factor of 656348 and 77.
77
What is the greatest common factor of 52111 and 157511?
31
Calculate the highest common factor of 405085545 and 230.
115
What is the highest common divisor of 64256 and 125?
1
Calculate the highest common factor of 27725520 and 4440.
120
What is the highest common factor of 1906 and 28382246?
1906
What is the highest common divisor of 679 and 486828062?
679
Calculate the highest common factor of 633 and 22780404.
633
What is the greatest common divisor of 3068 and 37889033?
767
What is the greatest common factor of 667 and 3364?
29
Calculate the greatest common factor of 200 and 95404.
4
Calculate the highest common divisor of 1445629224 and 39.
39
What is the highest common divisor of 61472 and 32318?
226
Calculate the highest common factor of 1551 and 14809371.
141
Calculate the highest common factor of 235 and 246987115.
235
Calculate the greatest common divisor of 14518432 and 76.
76
What is the highest common divisor of 6109 and 56591988?
149
What is the highest common factor of 362454514 and 82?
82
Calculate the highest common divisor of 11800 and 70025.
25
What is the greatest common divisor of 6894620 and 200?
20
Calculate the greatest common factor of 7465 and 547310.
5
Calculate the greatest common divisor of 4917 and 12624271.
11
What is the highest common divisor of 3 and 652197?
3
Calculate the highest common divisor of 318744 and 1654533.
2097
What is the greatest common divisor of 638 and 11980364?
638
Calculate the greatest common factor of 263450 and 426800.
550
Calculate the highest common divisor of 2820 and 7097470.
470
What is the highest common divisor of 193933527 and 348?
87
What is the greatest common factor of 2829 and 936123?
69
What is the greatest common factor of 84755449 and 107?
107
Calculate the highest common factor of 620768 and 8208.
304
What is the greatest common factor of 2834345 and 387?
43
Calculate the highest common divisor of 69513860 and 4264.
2132
Calculate the highest common divisor of 2215 and 2398402.
443
Calculate the greatest common divisor of 10687 and 117.
1
Calculate the highest common factor of 20 and 4587640.
20
What is the highest common divisor of 592740992 and 128?
128
Calculate the highest common factor of 1283358 and 107.
107
What is the greatest common factor of 7685364 and 1773?
591
Calculate the greatest common divisor of 324266 and 587504.
146
Calculate the highest common factor of 278 and 395779426.
278
What is the highest common factor of 3179 and 82008?
17
What is the greatest common divisor of 67065894 and 1050?
42
Calculate the greatest common factor of 57951 and 515668.
137
Calculate the greatest common factor of 38541 and 2215443.
1329
Calculate the highest common divisor of 567576 and 1416.
24
What is the highest common divisor of 1065514960 and 240?
80
What is the highest common factor of 222 and 28104534?
222
Calculate the highest common factor of 247 and 34037987.
19
What is the greatest common divisor of 17069301 and 187717?
6473
Calculate the greatest common divisor of 853188 and 28812.
588
What is the highest common divisor of 35439537 and 609?
609
Calculate the greatest common divisor of 1223973 and 96193.
3317
What is the highest common divisor of 930950 and 55125?
25
What is the highest common factor of 49396 and 1164068?
932
What is the highest common divisor of 8172 and 6314796?
36
Calculate the greatest common factor of 111000 and 126100.
100
Calculate the highest common divisor of 3118 and 37501745.
1559
Calculate the greatest common divisor of 14894949 and 27.
3
Calculate the highest common divisor of 35461516 and 22784.
356
Calculate the highest common factor of 854784 and 10918.
106
What is the highest common factor of 66023 and 16274?
103
Calculate the greatest common divisor of 1617341 and 22.
11
What is the greatest common factor of 46064 and 1456?
16
Calculate the highest common divisor of 8497858 and 646.
34
What is the highest common divisor of 16755 and 31371?
3
What is the greatest common factor of 1007546 and 73854502?
13802
Calculate the greatest common divisor of 1438560 and 3568.
16
Calculate the greatest common factor of 80 and 6719640.
40
What is the greatest common divisor of 233068 and 13258391?
5297
What is the greatest common divisor of 1338897 and 102135?
1857
Calculate the greatest common factor of 99529509 and 2091.
2091
Calculate the greatest common divisor of 106 and 25039479.
53
What is the highest common factor of 469843 and 1015228?
353
Calculate the greatest common divisor of 8587 and 95976.
31
Calculate the greatest common divisor of 124 and 33322.
2
What is the greatest common factor of 330 and 23317230?
30
What is the highest common factor of 105031444 and 28?
28
Calculate the highest common factor of 5674541 and 2452.
613
Calculate the greatest common factor of 726447 and 4707.
1569
What is the highest common divisor of 130 and 8414081?
13
What is the greatest common divisor of 564 and 167979504?
564
Calculate the greatest common factor of 195 and 187161.
39
What is the greatest common divisor of 3842754 and 12?
6
Calculate the greatest common factor of 180 and 203768340.
60
Calculate the greatest common divisor of 27 and 7470180.
9
Calculate the highest common divisor of 5746 and 9194263.
221
What is the greatest common divisor of 7 and 330626261?
7
What is the greatest common factor of 1796 and 600431536?
1796
Calculate the greatest common divisor of 3303 and 9225.
9
Calculate the highest common factor of 47414733 and 8860.
443
What is the greatest common factor of 1395232 and 1184?
32
What is the greatest common divisor of 119132 and 75998?
2054
What is the highest common divisor of 3815911 and 132?
11
Calculate the highest common divisor of 910668 and 5247.
33
Calculate the highest common factor of 960 and 180384192.
192
Calculate the highest common factor of 426 and 67993008.
426
Calculate the greatest common factor of 651712 and 1195712.
1088
What is the highest common divisor of 1301400 and 32400?
5400
Calculate the highest common divisor of 226029076 and 3094.
3094
Calculate the greatest common divisor of 102729 and 79240.
283
Calculate the highest common divisor of 71745936 and 1488.
48
Calculate the greatest common factor of 138204798 and 102.
102
What is the greatest common divisor of 779163 and 19173?
231
What is the highest common divisor of 7084308 and 263296?
8228
Calculate the greatest common divisor of 1107 and 65579049.
369
Calculate the highest common factor of 403 and 107582059.
403
What is the highest common factor of 10974 and 1036158?
354
Calculate the greatest common factor of 532680 and 53498.